divide 1411411?
False
Is 494 a factor of 5982739?
False
Is 516530 a multiple of 235?
True
Is 8128190 a multiple of 415?
True
Is 12057039 a multiple of 15?
False
Is 634464 a multiple of 36?
True
Is 94 a factor of 615794?
True
Is 113 a factor of 673788?
False
Does 177 divide 261314?
False
Does 82 divide 2205044?
False
Is 6 a factor of 22485482?
False
Does 666 divide 2110507?
False
Is 132415 a multiple of 6?
False
Is 420940 a multiple of 434?
False
Is 4358496 a multiple of 166?
True
Does 51 divide 4548167?
False
Is 442 a factor of 23122273?
False
Is 5 a factor of 20825?
True
Is 127080 a multiple of 90?
True
Is 6088506 a multiple of 358?
True
Is 263072 a multiple of 8?
True
Does 82 divide 2932730?
True
Is 3047160 a multiple of 536?
True
Does 31 divide 30948?
False
Is 96681 a multiple of 38?
False
Is 51111 a multiple of 53?
False
Is 3 a factor of 233959?
False
Does 8 divide 69904?
True
Is 38 a factor of 1246349?
False
Is 4572400 a multiple of 71?
True
Is 390 a factor of 1783080?
True
Is 338156 a multiple of 26?
True
Does 395 divide 512549?
False
Is 154 a factor of 1196118?
True
Is 13 a factor of 30229892?
False
Is 219465 a multiple of 15?
True
Is 164530 a multiple of 10?
True
Is 15392 a multiple of 26?
True
Does 3 divide 123546?
True
Does 17 divide 530264?
True
Is 842212 a multiple of 9?
False
Does 346 divide 621724?
False
Is 12 a factor of 391488?
True
Is 71280 a multiple of 81?
True
Is 2350766 a multiple of 71?
False
Is 107550 a multiple of 5?
True
Is 156067 a multiple of 239?
True
Does 127 divide 508838?
False
Is 22 a factor of 6622?
True
Is 47 a factor of 237065?
False
Does 12 divide 4032?
True
Is 37774 a multiple of 11?
True
Does 7 divide 3531?
False
Does 180 divide 7467177?
False
Is 68 a factor of 7119?
False
Is 1438429 a multiple of 252?
False
Does 25 divide 315131?
False
Is 312 a factor of 167856?
True
Is 3 a factor of 3045418?
False
Does 365 divide 751900?
True
Does 128 divide 1388032?
True
Does 124 divide 553908?
True
Does 278 divide 3427094?
False
Is 18 a factor of 852714?
True
Does 13 divide 14315741?
False
Is 2 a factor of 99849?
False
Is 6 a factor of 4944301?
False
Does 8 divide 198293?
False
Is 90040 a multiple of 40?
True
Does 229 divide 188358?
False
Is 1250970 a multiple of 70?
True
Is 4527628 a multiple of 1601?
True
Is 3497819 a multiple of 109?
False
Does 14 divide 196922?
False
Is 9293000 a multiple of 62?
False
Is 16 a factor of 69728?
True
Is 515300 a multiple of 34?
False
Is 27201540 a multiple of 76?
True
Is 8 a factor of 477689?
False
Is 1720739 a multiple of 1669?
True
Does 3 divide 29019?
True
Is 66 a factor of 356796?
True
Does 16 divide 25152?
True
Is 7804053 a multiple of 157?
False
Is 124 a factor of 4275539?
False
Is 5837820 a multiple of 16?
False
Is 89790 a multiple of 73?
True
Is 622 a factor of 263526?
False
Is 489022 a multiple of 38?
True
Is 156 a factor of 97722?
False
Does 58 divide 10846?
True
Is 90 a factor of 1403910?
True
Is 3807971 a multiple of 30?
False
Is 29810 a multiple of 34?
False
Does 269 divide 791129?
True
Is 259 a factor of 1382801?
True
Does 12 divide 22144935?
False
Does 18 divide 182826?
True
Does 20 divide 142368?
False
Is 56 a factor of 66976?
True
Does 39 divide 11152908?
True
Does 204 divide 270912?
True
Is 53 a factor of 74995?
True
Is 244 a factor of 8882?
False
Is 893 a factor of 1836008?
True
Is 56436 a multiple of 6?
True
Is 688687 a multiple of 112?
False
Does 42 divide 45261?
False
Is 10768 a multiple of 111?
False
Does 25 divide 2764?
False
Does 5 divide 201050?
True
Is 485 a factor of 78523?
False
Is 27 a factor of 391095?
True
Is 564056 a multiple of 37?
False
Does 23 divide 77487?
True
Is 34 a factor of 344692?
True
Is 755139 a multiple of 539?
True
Is 7 a factor of 178171?
True
Is 1775814 a multiple of 43?
True
Is 12429434 a multiple of 48?
False
Is 218812 a multiple of 106?
False
Is 2264723 a multiple of 381?
False
Is 59 a factor of 253110?
True
Is 24 a factor of 1575221?
False
Is 748 a factor of 15440700?
False
Does 11 divide 712206?
True
Does 155 divide 10077?
False
Is 1774674 a multiple of 198?
True
Is 4155514 a multiple of 270?
False
Does 11 divide 342221?
True
Does 599 divide 897329?
False
Is 19 a factor of 105735?
True
Is 467157 a multiple of 84?
False
Does 4 divide 571950?
False
Is 477 a factor of 23850?
True
Is 1797552 a multiple of 438?
True
Is 1108 a factor of 3777618?
False
Is 12 a factor of 371708?
False
Does 8 divide 677224?
True
Is 30 a factor of 1834500?
True
Is 5 a factor of 22455?
True
Is 7 a factor of 85852?
False
Does 21 divide 1738485?
True
Does 89 divide 380174?
False
Does 189 divide 130290?
False
Does 37 divide 116830?
False
Does 9 divide 6715930?
False
Is 1104 a factor of 26700144?
False
Does 57 divide 258495?
True
Does 14 divide 34542?
False
Does 80 divide 24056880?
True
Does 118 divide 213698?
True
Is 110320 a multiple of 8?
True
Is 332204 a multiple of 55?
False
Is 47530 a multiple of 56?
False
Is 37013 a multiple of 3?
False
Is 95415 a multiple of 38?
False
Is 97680 a multiple of 34?
False
Does 76 divide 1361008?
True
Is 220 a factor of 2817990?
False
Is 84048 a multiple of 8?
True
Is 4 a factor of 1187905?
False
Is 136890 a multiple of 5?
True
Is 995189 a multiple of 37?
True
Does 31 divide 287246?
True
Is 1746090 a multiple of 18?
True
Does 561 divide 15417402?
True
Is 59 a factor of 213141?
False
Is 11 a factor of 571248?
False
Is 14 a factor of 1833398?
True
Does 1108 divide 11849704?
False
Is 20543868 a multiple of 2334?
True
Is 3971580 a multiple of 111?
True
Is 113 a factor of 2552670?
True
Is 24 a factor of 3360744?
True
Is 162 a factor of 1005534?
True
Is 13 a factor of 38050?
False
Is 247304 a multiple of 5?
False
Is 70 a factor of 9910?
False
Does 828 divide 827172?
True
Is 1871721 a multiple of 1149?
True
Is 323 a factor of 652460?
True
Is 4935300 a multiple of 50?
True
Is 305721 a multiple of 46?
False
Does 48 divide 202903?
False
Is 2798494 a multiple of 31?
True
Is 138152 a multiple of 3?
False
Is 1587828 a multiple of 22?
True
Is 60264 a multiple of 248?
True
Is 13968 a multiple of 6?
True
Is 954400 a multiple of 20?
True
Is 13 a factor of 422458?
False
Is 149 a factor of 894?
True
Does 1623 divide 25267411?
False
Does 606 divide 5161169?
False
Is 160 a factor of 851840?
True
Is 5 a factor of 61940?
True
Is 273726 a multiple of 159?
False
Does 21 divide 18017362?
False
Is 7 a factor of 11063888?
False
Is 8269140 a multiple of 201?
True
Does 20 divide 478720?
True
Is 13 a factor of 96915?
True
Does 527 divide 220843?
False
Does 22 divide 8712?
True
Is 105 a factor of 62790?
True
Is 8889563 a multiple of 7?
False
Is 1916188 a multiple of 361?
True
Is 693893 a multiple of 79?
False
Is 168 a factor of 3868643?
False
Is 18791000 a multiple of 40?
True
Is 2 a factor of 13035?
False
Does 15 divide 3011355?
True
Does 200 divide 4751200?
True
Does 10 divide 80110?
True
Is 4603324 a multiple of 44?
True
Does 30 divide 88558?
False
Is 6 a factor of 166346?
False
Is 17769 even?
False
Is 1025453 a multiple of 13?
True
Does 19 divide 638827?
False
Is 325443 a multiple of 410?
False
Does 93 divide 729771?
True
Does 64 divide 1105?
False
Does 13 divide 242603?
False
Is 34623068 a multiple of 1777?
True
Does 6 divide 147178?
False
Is 8 a factor of 2369572?
False
Is 7 a factor of 14210?
True
Is 49 a factor of 59201?
False
Does 69 divide 58133?
False
Is 168 a factor of 3444326?
False
Is 43 a factor of 479235?
True
Is 33 a factor of 310365?
True
Does 490 divide 11648718?
False
Is 36730 a multiple of 10?
True
Does 56 divide 61088?
False
Does 6 divide 1836390?
True
Is 132 a factor of 3032?
False
Is 29 a factor of 30306?
False
Is 11829807 a multiple of 115?
False
Does 56 divide 1210720?
True
Is 371415 a multiple of 11?
True
Is 56 a factor of 1784887?
False
Is 8039013 a multiple of 14?
False
Is 10 a factor of 96775?
False
Does 65 divide 4819490?
True
Does 97 divide 5356951?
False
Is 76950 a multiple of 57?
True
Does 55 divide 859870?
True
Does 62 divide 80414?
True
Is 2120061 a multiple of 7?
False
Is 237543 a multiple of 132?
False
Is 131 a factor of 2751786?
True
Does 5 divide 181840?
True
Is 93 a factor of 98487?
True
Is 86 a factor of 78174?
True
Is 13 a factor of 88191?
False
Does 431 divide 2413702?
False
Is 20 a factor of 1293860?
True
Does